{"id":9133,"date":"2023-11-03T04:53:15","date_gmt":"2023-11-03T04:53:15","guid":{"rendered":"https:\/\/duhinvoyages.com\/?page_id=9133"},"modified":"2023-11-03T04:56:17","modified_gmt":"2023-11-03T04:56:17","slug":"visa-pour-inde","status":"publish","type":"page","link":"https:\/\/duhinvoyages.com\/index.php\/visa-pour-inde\/","title":{"rendered":"Visa Pour Inde"},"content":{"rendered":"<p><strong>Visa en Inde<\/strong><\/p>\n<p>Il est obligatoire pour un voyageur d\u2019avoir un visa pour voyager en Inde. Il existe maintenant deux formules pour avoir un visa : <strong>formule classique chez VFS et L\u2019e-visa.<\/strong><\/p>\n<p><strong>Formule classique :<\/strong><br \/>\nLes formalit\u00e9s de visa sont assez proc\u00e9duri\u00e8res. Voici la liste des documents que vous devez apporter au rendez-vous chez VFS, par personne :<\/p>\n<p>Votre passeport valide pour une dur\u00e9e d&#8217;au moins six mois, comportant 3 pages vierges.<br \/>\nUne photocopie de la page de donn\u00e9es du passeport o\u00f9 est inscrit votre nom. C&#8217;est cette copie que vous aurez gard\u00e9e, qui vous permettra de r\u00e9cup\u00e9rer votre passeport et votre visa lorsqu&#8217;il aura \u00e9t\u00e9 \u00e9mis<\/p>\n<p>2 photographies conformes aux normes du gouvernement indien (5 x 5 cm), difficile \u00e0 trouver en France \u00e0 moins d&#8217;aller chez un photographe.<br \/>\nNB : vous pouvez faire ces photos directement dans les locaux de VFS, rue de Paradis. Le tarif est de 10 \u20ac pour 4 photos, pr\u00e9voyez l&#8217;appoint en pi\u00e8ces de monnaie !<\/p>\n<p>&#8211; Un exemplaire imprim\u00e9 du formulaire de demande de visa en ligne du Gouvernement Indien, \u00e0 remplir en anglais. cliquez ici puis sur Regular Visa Application.<\/p>\n<p>&#8211; le num\u00e9ro de votre pr\u00e9c\u00e9dent visa vous y sera demand\u00e9. Dans le cas o\u00f9 vous ne pouvez pas le renseigner, remplissez la case par &#8220;0000000&#8221;. Cela ne devrait pas poser de soucis.<\/p>\n<p>-ce formulaire est assez long, pr\u00e9voyez au moins une heure pour le remplir en entier. Imp\u00e9ratif : Pensez \u00e0 noter le num\u00e9ro de r\u00e9f\u00e9rence temporaire : Temporary Application ID; Il vous permettra, si besoin, de quitter le formulaire en cours de remplissage, et de le reprendre plus tard.<\/p>\n<p>-avant le rdv, ayez soin de coller les deux photos : 1 sur la premi\u00e8re page en haut \u00e0 droite, 1 sur la deuxi\u00e8me page en bas \u00e0 gauche. Du mat\u00e9riel pour cela est disponible dans les locaux de VFS<\/p>\n<p>&#8211; un exemplaire imprim\u00e9 du formulaire de d\u00e9claration que vous pouvez trouver en pj, \u00e0 remplir et signer<\/p>\n<p>Ces documents constituent la base du dossier. Ensuite des documents additionnels peuvent \u00eatre demand\u00e9s si :<br \/>\n&#8211; vous \u00eates d&#8217;origine indienne ou pakistanaise<br \/>\n&#8211; vous avez une double nationalit\u00e9 ou bien \u00eates \u00e9trang\u00e8re<br \/>\nvoir la liste sur http:\/\/www.vfsglobal.com\/india\/france\/Tourist_Visa.html<\/p>\n<p>A l&#8217;issue de votre rendez-vous, le conseiller de VFS conservera votre passeport et vous remettra un re\u00e7u. Conservez-le, ainsi que la copie de votre passeport, pour r\u00e9cup\u00e9rer votre passeport une fois le visa \u00e9mis.<\/p>\n<p><strong>L\u2019e-visa<\/strong><\/p>\n<p>A partir du 1er mai 2015, la France, la suisse et la Belgique font partie d\u2019une liste de 150 pays qui sont \u00e9ligible pour l\u2019obtention du visa \u00e9lectronique (e-visa) pour se rendre en Inde.<br \/>\nL\u2019e-visa peut-\u00eatre obtenu jusqu\u2019\u00e0 un minimum de 4 jours et au maximum 34 jours avant la date de d\u00e9part en Inde<br \/>\nPour le moment, il n\u2019est autoris\u00e9 que dans 12 a\u00e9roports pr\u00e9cis\u00e9ment : Ahmedabad, Amritsar, Bengaluru, Chennai, Cochin, Delhi, Gaya, Goa, Hyderabad, Jaipur, Kolkata, Lucknow, Mumbai, Tiruchirapalli, Trivandrum et Varanasi.<\/p>\n<p>Voici le site d\u00e9di\u00e9 pour avoir le visa en ligne<br \/>\n:https:\/\/indianvisaonline.gov.in\/visa\/tvoa.html<\/p>\n<p><strong>Les conditions qui s\u2019appliquent :<\/strong>Seuls les ressortissants fran\u00e7ais pourront b\u00e9n\u00e9ficier d\u2019un visa touristique \u00e9lectronique d\u2019une dur\u00e9e de 30 jours maximum non prolongeable et pour les raisons suivantes : visiter l\u2019Inde, effectuer un circuit touristique, rendre visite \u00e0 des amis ou \u00e0 la famille, subir un traitement m\u00e9dical de courte dur\u00e9e, ou un d\u00e9placement pour des affaires occasionnelles.<\/p>\n<p>\u2022 Votre passeport doit avoir 6 mois de validit\u00e9 au minimum \u00e0 partir de la date d\u2019arriv\u00e9e en Inde et contenir au moins 2 pages vierges.<br \/>\n\u2022 L\u2019e-visa peut-\u00eatre obtenu pour 2 visites maximum par ann\u00e9e calendaire avec une entr\u00e9e unique.<br \/>\n\u2022 Il est valable 30 jours.<br \/>\n\u2022 Se munir du billet aller-retour vers la destination indienne et avoir suffisamment d\u2019argent pour les d\u00e9penses sur place.<br \/>\n\u2022 Si vous \u00eates un diplomate. Il faut suivre la proc\u00e9dure classique d\u2019obtention de visa au service consulaire de l\u2019Ambassade de l\u2019Inde en France<br \/>\nLes documents n\u00e9cessaires pour effectuer la demande en ligne sont :<br \/>\n\u2022 Une copie de la premi\u00e8re page du passeport avec photo et identit\u00e9 au format PDF (taille minimum de 10Ko et maximum 300 Ko)<br \/>\n\u2022 Une photo r\u00e9cente avec un fond clair ou blanc avec des dimensions identiques en hauteur et largeur au format JPG (taille minimum de 10Ko et maximum 1 Mo).<br \/>\n\u2022 Muni de votre passeport et d\u2019une copie de l\u2019e-visa obtenue en ligne par mail pour votre voyage, il suffira de les pr\u00e9senter \u00e0 l\u2019agent de l\u2019immigration de l\u2019a\u00e9roport de votre destination en Inde qui recueillera vos empreintes biom\u00e9triques sur place.<\/p>\n<p><strong>Les d\u00e9marches sont uniquement sur Internet.<\/strong><\/p>\n<p>1. V\u00e9rifiez que vous remplissez bien les conditions requises, en particulier :<br \/>\n&#8211; visa \u00e0 entr\u00e9e simple (une seule entr\u00e9e) pour un s\u00e9jour de 30 jours maximum<br \/>\n&#8211; vous avez un passeport ordinaire, valide pour encore un an ou plus, avec au moins 2 pages vierges pour les tampons d&#8217;immigration<\/p>\n<p>2. Cliquez sur &#8220;e-Tourist Visa Application&#8221; pour remplir le formulaire de demande : cliquez ici<br \/>\nPensez \u00e0 noter le num\u00e9ro de ref\u00e9rence temporaire : Temporary Application ID.<br \/>\nIl vous permettra, si besoin, de quitter le formulaire en cours de remplissage, et de le reprendre plus tard.<\/p>\n<p>3. Il faudra soumettre des documents scann\u00e9s et bien lisibles :<br \/>\n&#8211; une photo d&#8217;identit\u00e9 de format carr\u00e9, sur fond blanc<br \/>\n&#8211; scan du passeport<\/p>\n<p>4. Vous devrez effectuer le paiement en ligne. Une fois la transaction compl\u00e9t\u00e9e avec succ\u00e8s, vous recevrez une confirmation qui indiquera le num\u00e9ro de visa et le statut &#8220;GRANTED&#8221; si la demande de visa a bien \u00e9t\u00e9 approuv\u00e9e.<\/p>\n<p>5. En arrivant \u00e0 l&#8217;a\u00e9roport, vous devrez pr\u00e9senter une copie de cette confirmation aux autorit\u00e9s. Vos donn\u00e9es biom\u00e9triques seront pr\u00e9lev\u00e9es (empreintes digitales, etc).<\/p>\n","protected":false},"excerpt":{"rendered":"<p>Visa en Inde Il est obligatoire pour un voyageur d\u2019avoir un visa pour voyager en Inde. Il existe maintenant deux formules pour avoir un visa : formule classique chez VFS et L\u2019e-visa. Formule classique : Les formalit\u00e9s de visa sont assez proc\u00e9duri\u00e8res. Voici la liste des documents que vous devez apporter au rendez-vous chez VFS, &hellip; <\/p>\n<p class=\"link-more\"><a href=\"https:\/\/duhinvoyages.com\/index.php\/visa-pour-inde\/\" class=\"more-link\">Read More <span class=\"screen-reader-text\"> &#8220;Visa Pour Inde&#8221;<\/span><\/a><\/p>\n","protected":false},"author":1,"featured_media":0,"parent":0,"menu_order":0,"comment_status":"closed","ping_status":"closed","template":"","meta":{"om_disable_all_campaigns":false,"inline_featured_image":false,"_monsterinsights_skip_tracking":false,"_monsterinsights_sitenote_active":false,"_monsterinsights_sitenote_note":"","_monsterinsights_sitenote_category":0,"footnotes":""},"aioseo_notices":[],"_links":{"self":[{"href":"https:\/\/duhinvoyages.com\/index.php\/wp-json\/wp\/v2\/pages\/9133"}],"collection":[{"href":"https:\/\/duhinvoyages.com\/index.php\/wp-json\/wp\/v2\/pages"}],"about":[{"href":"https:\/\/duhinvoyages.com\/index.php\/wp-json\/wp\/v2\/types\/page"}],"author":[{"embeddable":true,"href":"https:\/\/duhinvoyages.com\/index.php\/wp-json\/wp\/v2\/users\/1"}],"replies":[{"embeddable":true,"href":"https:\/\/duhinvoyages.com\/index.php\/wp-json\/wp\/v2\/comments?post=9133"}],"version-history":[{"count":0,"href":"https:\/\/duhinvoyages.com\/index.php\/wp-json\/wp\/v2\/pages\/9133\/revisions"}],"wp:attachment":[{"href":"https:\/\/duhinvoyages.com\/index.php\/wp-json\/wp\/v2\/media?parent=9133"}],"curies":[{"name":"wp","href":"https:\/\/api.w.org\/{rel}","templated":true}]}}