{"id":10172,"date":"2023-12-28T03:05:55","date_gmt":"2023-12-28T03:05:55","guid":{"rendered":"https:\/\/duhinvoyages.com\/?page_id=10172"},"modified":"2023-12-28T03:34:56","modified_gmt":"2023-12-28T03:34:56","slug":"inde-du-sud","status":"publish","type":"page","link":"https:\/\/duhinvoyages.com\/index.php\/inde-du-sud\/","title":{"rendered":"Inde Du Sud"},"content":{"rendered":"\t\t<div data-elementor-type=\"wp-page\" data-elementor-id=\"10172\" class=\"elementor elementor-10172\">\n\t\t\t\t<div class=\"elementor-element elementor-element-01b94fb e-flex e-con-boxed e-con e-parent\" data-id=\"01b94fb\" data-element_type=\"container\">\n\t\t\t\t\t<div class=\"e-con-inner\">\n\t\t<div class=\"elementor-element elementor-element-fe285e6 e-flex e-con-boxed elementor-invisible e-con e-child\" data-id=\"fe285e6\" data-element_type=\"container\" data-settings=\"{&quot;background_background&quot;:&quot;slideshow&quot;,&quot;animation&quot;:&quot;fadeIn&quot;,&quot;background_slideshow_gallery&quot;:[{&quot;id&quot;:9304,&quot;url&quot;:&quot;https:\\\/\\\/duhinvoyages.com\\\/wp-content\\\/uploads\\\/2023\\\/11\\\/anantha-krishnan-zMfvtg7jfuc-unsplash-scaled.jpg&quot;},{&quot;id&quot;:8225,&quot;url&quot;:&quot;https:\\\/\\\/duhinvoyages.com\\\/wp-content\\\/uploads\\\/2023\\\/10\\\/8-1.png&quot;},{&quot;id&quot;:9656,&quot;url&quot;:&quot;https:\\\/\\\/duhinvoyages.com\\\/wp-content\\\/uploads\\\/2023\\\/12\\\/Plongee-aux-iles-dAndaman.png&quot;},{&quot;id&quot;:9622,&quot;url&quot;:&quot;https:\\\/\\\/duhinvoyages.com\\\/wp-content\\\/uploads\\\/2023\\\/12\\\/Une-semaine-de-Cure-et-massage-Ayurvedique.png&quot;}],&quot;background_slideshow_loop&quot;:&quot;yes&quot;,&quot;background_slideshow_slide_duration&quot;:5000,&quot;background_slideshow_slide_transition&quot;:&quot;fade&quot;,&quot;background_slideshow_transition_duration&quot;:500}\">\n\t\t\t\t\t<div class=\"e-con-inner\">\n\t\t\t\t\t<\/div>\n\t\t\t\t<\/div>\n\t\t<div class=\"elementor-element elementor-element-284eede e-flex e-con-boxed elementor-invisible e-con e-child\" data-id=\"284eede\" data-element_type=\"container\" data-settings=\"{&quot;background_background&quot;:&quot;gradient&quot;,&quot;animation&quot;:&quot;fadeIn&quot;}\">\n\t\t\t\t\t<div class=\"e-con-inner\">\n\t\t\t\t<div class=\"elementor-element elementor-element-dbb2203 elementor-widget elementor-widget-spacer\" data-id=\"dbb2203\" data-element_type=\"widget\" data-widget_type=\"spacer.default\">\n\t\t\t\t<div class=\"elementor-widget-container\">\n\t\t\t<style>\/*! elementor - v3.21.0 - 15-04-2024 *\/\n.elementor-column .elementor-spacer-inner{height:var(--spacer-size)}.e-con{--container-widget-width:100%}.e-con-inner>.elementor-widget-spacer,.e-con>.elementor-widget-spacer{width:var(--container-widget-width,var(--spacer-size));--align-self:var(--container-widget-align-self,initial);--flex-shrink:0}.e-con-inner>.elementor-widget-spacer>.elementor-widget-container,.e-con>.elementor-widget-spacer>.elementor-widget-container{height:100%;width:100%}.e-con-inner>.elementor-widget-spacer>.elementor-widget-container>.elementor-spacer,.e-con>.elementor-widget-spacer>.elementor-widget-container>.elementor-spacer{height:100%}.e-con-inner>.elementor-widget-spacer>.elementor-widget-container>.elementor-spacer>.elementor-spacer-inner,.e-con>.elementor-widget-spacer>.elementor-widget-container>.elementor-spacer>.elementor-spacer-inner{height:var(--container-widget-height,var(--spacer-size))}.e-con-inner>.elementor-widget-spacer.elementor-widget-empty,.e-con>.elementor-widget-spacer.elementor-widget-empty{position:relative;min-height:22px;min-width:22px}.e-con-inner>.elementor-widget-spacer.elementor-widget-empty .elementor-widget-empty-icon,.e-con>.elementor-widget-spacer.elementor-widget-empty .elementor-widget-empty-icon{position:absolute;top:0;bottom:0;left:0;right:0;margin:auto;padding:0;width:22px;height:22px}<\/style>        <div class=\"elementor-spacer\">\n            <div class=\"elementor-spacer-inner\"><\/div>\n        <\/div>\n\t\t\t\t<\/div>\n\t\t\t\t<\/div>\n\t\t\t\t<div class=\"elementor-element elementor-element-3031758 elementor-widget elementor-widget-heading\" data-id=\"3031758\" data-element_type=\"widget\" data-widget_type=\"heading.default\">\n\t\t\t\t<div class=\"elementor-widget-container\">\n\t\t\t<style>\/*! elementor - v3.21.0 - 15-04-2024 *\/\n.elementor-heading-title{padding:0;margin:0;line-height:1}.elementor-widget-heading .elementor-heading-title[class*=elementor-size-]>a{color:inherit;font-size:inherit;line-height:inherit}.elementor-widget-heading .elementor-heading-title.elementor-size-small{font-size:15px}.elementor-widget-heading .elementor-heading-title.elementor-size-medium{font-size:19px}.elementor-widget-heading .elementor-heading-title.elementor-size-large{font-size:29px}.elementor-widget-heading .elementor-heading-title.elementor-size-xl{font-size:39px}.elementor-widget-heading .elementor-heading-title.elementor-size-xxl{font-size:59px}<\/style><div class=\"elementor-heading-wrapper\" ><div class=\"elementor-heading-wrapper-inner\"><h2 class=\"elementor-heading-title elementor-size-default\">INDE DU SUD<\/h2><\/div><\/div>\t\t<\/div>\n\t\t\t\t<\/div>\n\t\t\t\t<div class=\"elementor-element elementor-element-fc330c2 elementor-drop-cap-yes elementor-drop-cap-view-default elementor-widget elementor-widget-text-editor\" data-id=\"fc330c2\" data-element_type=\"widget\" data-settings=\"{&quot;drop_cap&quot;:&quot;yes&quot;}\" data-widget_type=\"text-editor.default\">\n\t\t\t\t<div class=\"elementor-widget-container\">\n\t\t\t<style>\/*! elementor - v3.21.0 - 15-04-2024 *\/\n.elementor-widget-text-editor.elementor-drop-cap-view-stacked .elementor-drop-cap{background-color:#69727d;color:#fff}.elementor-widget-text-editor.elementor-drop-cap-view-framed .elementor-drop-cap{color:#69727d;border:3px solid;background-color:transparent}.elementor-widget-text-editor:not(.elementor-drop-cap-view-default) .elementor-drop-cap{margin-top:8px}.elementor-widget-text-editor:not(.elementor-drop-cap-view-default) .elementor-drop-cap-letter{width:1em;height:1em}.elementor-widget-text-editor .elementor-drop-cap{float:left;text-align:center;line-height:1;font-size:50px}.elementor-widget-text-editor .elementor-drop-cap-letter{display:inline-block}<\/style>        <div class=\"elementor-text-editor elementor-clearfix\"><p>Contrairement au d\u00e9sert et aux montagnes du nord, Inde du sud se caract\u00e9rise par des collines ondulantes, des for\u00eats tropicales et des plantations de th\u00e9 verdoyantes, entretenues par la mousson \u00e0 double barri\u00e8re. L&#8217;Inde du Sud se compose de quatre destinations principales : le Tamil Nadu, le Kerala, le Karnataka et l&#8217;Andhra Pardesh. Vous pourrez y d\u00e9couvrir les anciens temples hindous du Tamil Nadu et du Karnataka, les anciens comptoirs fran\u00e7ais, n\u00e9erlandais et portugais, l&#8217;ancienne splendeur des palais fantaisistes de Chettinad, les belles plages du Kerala, ses parfums de poivre et de cardamome et ses plantations de th\u00e9. Vous serez enchant\u00e9 par sa luxuriance paisible, ses longues plages de sable blanc, ses villages de p\u00eacheurs, ses rizi\u00e8res, ses cocotiers, sa faune et sa flore.<\/p><p>En Inde du Sud vous trouverez un climat tropical avec des temp\u00e9ratures mod\u00e9r\u00e9es \u00e0 \u00e9lev\u00e9es tout au long de l&#8217;ann\u00e9e. La meilleure p\u00e9riode pour visiter l&#8217;Inde du Sud s&#8217;\u00e9tend d&#8217;octobre \u00e0 fin mars. Mais pour les th\u00e9rapies de Yoga et d&#8217;Ayurv\u00e9da, on consid\u00e8re que c&#8217;est en ao\u00fbt et septembre, m\u00eame si c&#8217;est la saison des pluies.<\/p><p>Dans l&#8217;ensemble, la cuisine de l&#8217;Inde du Sud est peut-\u00eatre la plus \u00e9pic\u00e9e de toutes les cuisines indiennes. Les repas sont centr\u00e9s sur le riz ou les plats \u00e0 base de riz. Le riz est associ\u00e9 au sambaar (soupe de lentilles relev\u00e9e d&#8217;\u00e9pices et de piments) et au rasam (soupe de lentilles aigre-douce), aux l\u00e9gumes secs et au curry, aux plats de viande et \u00e0 une multitude de chutneys \u00e0 base de noix de coco et de poppadums (cr\u00eapes de lentilles frites et croustillantes). Les Indiens du Sud sont de grands amateurs de caf\u00e9, g\u00e9n\u00e9ralement un caf\u00e9 sp\u00e9cial \u00e0 base de chicor\u00e9e.<\/p><p>Un voyage en Inde du sud est un moment inoubliable o\u00f9 l\u2019on peut faire tout. Visite culturelles et patrimoines de l\u2019UNESCO : les temples de Mahabalipuram et Cholas, le site de Hampi, Pattadakal et le train miniature d\u2019Ooty, relaxation sur les plages de sable blanc de Mararikulam, Varkala et Kovala, profiter des bienfaits de l\u2019Ayurveda dans les backwaters, balader dans les plantations de th\u00e9 et caf\u00e9, assistez un spectacle de Kathakali et une d\u00e9monstration de Kalaripayattu, anciens arts de combattant, rendez-vous avec les p\u00eachers et balade \u00e0 dos d\u2019\u00e9l\u00e9phant.<\/p><p>Consultez nos voyages en Inde du Sud et contactez un Expert voyage dans notre agence locale pour fa\u00e7onner d\u00e8s aujourd\u2019hui le voyage qui vous pla\u00eet.<\/p><\/div>\n        \t\t<\/div>\n\t\t\t\t<\/div>\n\t\t<div class=\"elementor-element elementor-element-86aede5 e-grid e-con-boxed e-con e-child\" data-id=\"86aede5\" data-element_type=\"container\" data-settings=\"{&quot;background_background&quot;:&quot;classic&quot;}\">\n\t\t\t\t\t<div class=\"e-con-inner\">\n\t\t\t\t<div class=\"elementor-element elementor-element-beb206f elementor-cta--skin-cover elementor-cta--valign-bottom elementor-cta-style-1 call-to-action-wrapper-transform-none elementor-animated-content elementor-bg-transform elementor-bg-transform-zoom-in elementor-widget elementor-widget-opal-call-to-action\" data-id=\"beb206f\" data-element_type=\"widget\" data-widget_type=\"opal-call-to-action.default\">\n\t\t\t\t<div class=\"elementor-widget-container\">\n\t\t\t        <a href=\"https:\/\/duhinvoyages.com\/index.php\/temples-backwaters-plantation-de-the-et-les-plages\/\" class=\"elementor-cta\">\n                <div class=\"elementor-cta__bg-wrapper\">\n            <div class=\"elementor-cta__bg elementor-bg\" style=\"background-image: url(https:\/\/i0.wp.com\/duhinvoyages.com\/wp-content\/uploads\/2023\/10\/5-6.png?fit=1328%2C656&amp;ssl=1);\"><\/div>\n            <div class=\"elementor-cta__bg-overlay\"><\/div>\n        <\/div>\n                    <div class=\"elementor-cta__content\">\n            <div class=\"elmentor-cta_content-inner\">\n            <div class=\"elmentor-cta_content-inner-inner\">\n                        \n                            <h2 class=\"elementor-cta__title elementor-cta__content-item elementor-content-item elementor-animated-item--grow\">\n                Temples, Backwaters, Plantation de Th\u00e9, et Les Plages                <\/h2>\n            \n                            <div class=\"elementor-cta__description elementor-cta__content-item elementor-content-item elementor-animated-item--grow\">\n                    13 Jours 12 Nuits                <\/div>\n            \n                            <\/div>\n            <\/div>\n                    <\/div>\n                    <div class=\"elementor-ribbon elementor-ribbon-right\">\n            <div class=\"elementor-ribbon-inner\">1295\u20ac*<\/div>\n        <\/div>\n            <\/a>\n        \t\t<\/div>\n\t\t\t\t<\/div>\n\t\t\t\t<div class=\"elementor-element elementor-element-8e46e36 elementor-cta--skin-cover elementor-cta--valign-bottom elementor-cta-style-1 call-to-action-wrapper-transform-none elementor-animated-content elementor-bg-transform elementor-bg-transform-zoom-in elementor-widget elementor-widget-opal-call-to-action\" data-id=\"8e46e36\" data-element_type=\"widget\" data-widget_type=\"opal-call-to-action.default\">\n\t\t\t\t<div class=\"elementor-widget-container\">\n\t\t\t        <a href=\"https:\/\/duhinvoyages.com\/index.php\/tour-de-cinema-bollywood-tamil-nadu-et-kerala\/\" class=\"elementor-cta\">\n                <div class=\"elementor-cta__bg-wrapper\">\n            <div class=\"elementor-cta__bg elementor-bg\" style=\"background-image: url(https:\/\/i0.wp.com\/duhinvoyages.com\/wp-content\/uploads\/2023\/10\/Gateway-monument-India-entrance-Mumbai-Harbour-coast.webp?fit=1600%2C1067&amp;ssl=1);\"><\/div>\n            <div class=\"elementor-cta__bg-overlay\"><\/div>\n        <\/div>\n                    <div class=\"elementor-cta__content\">\n            <div class=\"elmentor-cta_content-inner\">\n            <div class=\"elmentor-cta_content-inner-inner\">\n                        \n                            <h2 class=\"elementor-cta__title elementor-cta__content-item elementor-content-item elementor-animated-item--grow\">\n                Tour de Cin\u00e9ma Bollywood, Tamil Nadu et Kerala                <\/h2>\n            \n                            <div class=\"elementor-cta__description elementor-cta__content-item elementor-content-item elementor-animated-item--grow\">\n                    13 Jours 12 Nuits                <\/div>\n            \n                            <\/div>\n            <\/div>\n                    <\/div>\n                    <div class=\"elementor-ribbon elementor-ribbon-right\">\n            <div class=\"elementor-ribbon-inner\">1359\u20ac*<\/div>\n        <\/div>\n            <\/a>\n        \t\t<\/div>\n\t\t\t\t<\/div>\n\t\t\t\t<div class=\"elementor-element elementor-element-bc74b11 elementor-cta--skin-cover elementor-cta--valign-bottom elementor-cta-style-1 call-to-action-wrapper-transform-none elementor-animated-content elementor-bg-transform elementor-bg-transform-zoom-in elementor-widget elementor-widget-opal-call-to-action\" data-id=\"bc74b11\" data-element_type=\"widget\" data-widget_type=\"opal-call-to-action.default\">\n\t\t\t\t<div class=\"elementor-widget-container\">\n\t\t\t        <a href=\"https:\/\/duhinvoyages.com\/index.php\/kerala-en-famille\/\" class=\"elementor-cta\">\n                <div class=\"elementor-cta__bg-wrapper\">\n            <div class=\"elementor-cta__bg elementor-bg\" style=\"background-image: url(https:\/\/i0.wp.com\/duhinvoyages.com\/wp-content\/uploads\/2023\/11\/anantha-krishnan-zMfvtg7jfuc-unsplash-scaled.jpg?fit=2560%2C1707&amp;ssl=1);\"><\/div>\n            <div class=\"elementor-cta__bg-overlay\"><\/div>\n        <\/div>\n                    <div class=\"elementor-cta__content\">\n            <div class=\"elmentor-cta_content-inner\">\n            <div class=\"elmentor-cta_content-inner-inner\">\n                        \n                            <h2 class=\"elementor-cta__title elementor-cta__content-item elementor-content-item elementor-animated-item--grow\">\n                Kerala en famille                <\/h2>\n            \n                            <div class=\"elementor-cta__description elementor-cta__content-item elementor-content-item elementor-animated-item--grow\">\n                    12 Jours 11 Nuits                <\/div>\n            \n                            <\/div>\n            <\/div>\n                    <\/div>\n                    <div class=\"elementor-ribbon elementor-ribbon-right\">\n            <div class=\"elementor-ribbon-inner\">1200\u20ac*<\/div>\n        <\/div>\n            <\/a>\n        \t\t<\/div>\n\t\t\t\t<\/div>\n\t\t\t\t<div class=\"elementor-element elementor-element-6e47e6b elementor-cta--skin-cover elementor-cta--valign-bottom elementor-cta-style-1 call-to-action-wrapper-transform-none elementor-animated-content elementor-bg-transform elementor-bg-transform-zoom-in elementor-widget elementor-widget-opal-call-to-action\" data-id=\"6e47e6b\" data-element_type=\"widget\" data-widget_type=\"opal-call-to-action.default\">\n\t\t\t\t<div class=\"elementor-widget-container\">\n\t\t\t        <a href=\"https:\/\/duhinvoyages.com\/index.php\/kerala-romance-des-backwaters-aux-lagons\/\" class=\"elementor-cta\">\n                <div class=\"elementor-cta__bg-wrapper\">\n            <div class=\"elementor-cta__bg elementor-bg\" style=\"background-image: url(https:\/\/i0.wp.com\/duhinvoyages.com\/wp-content\/uploads\/2023\/12\/kerala-in-october-kollam-1.jpg?fit=750%2C500&amp;ssl=1);\"><\/div>\n            <div class=\"elementor-cta__bg-overlay\"><\/div>\n        <\/div>\n                    <div class=\"elementor-cta__content\">\n            <div class=\"elmentor-cta_content-inner\">\n            <div class=\"elmentor-cta_content-inner-inner\">\n                        \n                            <h2 class=\"elementor-cta__title elementor-cta__content-item elementor-content-item elementor-animated-item--grow\">\n                Kerala - Romance des backwaters aux lagons\u200b                <\/h2>\n            \n                            <div class=\"elementor-cta__description elementor-cta__content-item elementor-content-item elementor-animated-item--grow\">\n                    12 Jours 11 Nuits                <\/div>\n            \n                            <\/div>\n            <\/div>\n                    <\/div>\n                    <div class=\"elementor-ribbon elementor-ribbon-right\">\n            <div class=\"elementor-ribbon-inner\">1180\u20ac*<\/div>\n        <\/div>\n            <\/a>\n        \t\t<\/div>\n\t\t\t\t<\/div>\n\t\t\t\t<div class=\"elementor-element elementor-element-03a20ba elementor-cta--skin-cover elementor-cta--valign-bottom elementor-cta-style-1 call-to-action-wrapper-transform-none elementor-animated-content elementor-bg-transform elementor-bg-transform-zoom-in elementor-widget elementor-widget-opal-call-to-action\" data-id=\"03a20ba\" data-element_type=\"widget\" data-widget_type=\"opal-call-to-action.default\">\n\t\t\t\t<div class=\"elementor-widget-container\">\n\t\t\t        <a href=\"https:\/\/duhinvoyages.com\/index.php\/au-coeur-du-tamil-nadu\/\" class=\"elementor-cta\">\n                <div class=\"elementor-cta__bg-wrapper\">\n            <div class=\"elementor-cta__bg elementor-bg\" style=\"background-image: url(https:\/\/i0.wp.com\/duhinvoyages.com\/wp-content\/uploads\/2023\/12\/web-banner-1.png?fit=6912%2C3456&amp;ssl=1);\"><\/div>\n            <div class=\"elementor-cta__bg-overlay\"><\/div>\n        <\/div>\n                    <div class=\"elementor-cta__content\">\n            <div class=\"elmentor-cta_content-inner\">\n            <div class=\"elmentor-cta_content-inner-inner\">\n                        \n                            <h2 class=\"elementor-cta__title elementor-cta__content-item elementor-content-item elementor-animated-item--grow\">\n                Au c\u0153ur du Tamil Nadu\u200b                <\/h2>\n            \n                            <div class=\"elementor-cta__description elementor-cta__content-item elementor-content-item elementor-animated-item--grow\">\n                    12 Jours 11 Nuits                <\/div>\n            \n                            <\/div>\n            <\/div>\n                    <\/div>\n                    <div class=\"elementor-ribbon elementor-ribbon-right\">\n            <div class=\"elementor-ribbon-inner\">1050\u20ac*<\/div>\n        <\/div>\n            <\/a>\n        \t\t<\/div>\n\t\t\t\t<\/div>\n\t\t\t\t<div class=\"elementor-element elementor-element-6769381 elementor-cta--skin-cover elementor-cta--valign-bottom elementor-cta-style-1 call-to-action-wrapper-transform-none elementor-animated-content elementor-bg-transform elementor-bg-transform-zoom-in elementor-widget elementor-widget-opal-call-to-action\" data-id=\"6769381\" data-element_type=\"widget\" data-widget_type=\"opal-call-to-action.default\">\n\t\t\t\t<div class=\"elementor-widget-container\">\n\t\t\t        <a href=\"https:\/\/duhinvoyages.com\/index.php\/aux-iles-laquedives-un-voyage-de-reve\/\" class=\"elementor-cta\">\n                <div class=\"elementor-cta__bg-wrapper\">\n            <div class=\"elementor-cta__bg elementor-bg\" style=\"background-image: url(https:\/\/i0.wp.com\/duhinvoyages.com\/wp-content\/uploads\/2023\/12\/To-the-Laccadive-Islands-a-dream-trip.jpg?fit=768%2C414&amp;ssl=1);\"><\/div>\n            <div class=\"elementor-cta__bg-overlay\"><\/div>\n        <\/div>\n                    <div class=\"elementor-cta__content\">\n            <div class=\"elmentor-cta_content-inner\">\n            <div class=\"elmentor-cta_content-inner-inner\">\n                        \n                            <h2 class=\"elementor-cta__title elementor-cta__content-item elementor-content-item elementor-animated-item--grow\">\n                Aux iles de Laquedives, un voyage de r\u00eave\u200b                <\/h2>\n            \n                            <div class=\"elementor-cta__description elementor-cta__content-item elementor-content-item elementor-animated-item--grow\">\n                    07 Jours 06 Nuits                <\/div>\n            \n                            <\/div>\n            <\/div>\n                    <\/div>\n                    <div class=\"elementor-ribbon elementor-ribbon-right\">\n            <div class=\"elementor-ribbon-inner\">950\u20ac*<\/div>\n        <\/div>\n            <\/a>\n        \t\t<\/div>\n\t\t\t\t<\/div>\n\t\t\t\t<div class=\"elementor-element elementor-element-328382a elementor-cta--skin-cover elementor-cta--valign-bottom elementor-cta-style-1 call-to-action-wrapper-transform-none elementor-animated-content elementor-bg-transform elementor-bg-transform-zoom-in elementor-widget elementor-widget-opal-call-to-action\" data-id=\"328382a\" data-element_type=\"widget\" data-widget_type=\"opal-call-to-action.default\">\n\t\t\t\t<div class=\"elementor-widget-container\">\n\t\t\t        <a href=\"https:\/\/duhinvoyages.com\/index.php\/le-grand-sud-et-les-plages-ensoleillees-de-goa\/\" class=\"elementor-cta\">\n                <div class=\"elementor-cta__bg-wrapper\">\n            <div class=\"elementor-cta__bg elementor-bg\" style=\"background-image: url(https:\/\/i0.wp.com\/duhinvoyages.com\/wp-content\/uploads\/2023\/12\/web-banner-1-12.png?fit=6912%2C3456&amp;ssl=1);\"><\/div>\n            <div class=\"elementor-cta__bg-overlay\"><\/div>\n        <\/div>\n                    <div class=\"elementor-cta__content\">\n            <div class=\"elmentor-cta_content-inner\">\n            <div class=\"elmentor-cta_content-inner-inner\">\n                        \n                            <h2 class=\"elementor-cta__title elementor-cta__content-item elementor-content-item elementor-animated-item--grow\">\n                Le Grand Sud et les plages ensoleill\u00e9es de Goa\u200b                <\/h2>\n            \n                            <div class=\"elementor-cta__description elementor-cta__content-item elementor-content-item elementor-animated-item--grow\">\n                    21 Jours 20 Nuits                <\/div>\n            \n                            <\/div>\n            <\/div>\n                    <\/div>\n                    <div class=\"elementor-ribbon elementor-ribbon-right\">\n            <div class=\"elementor-ribbon-inner\">1850\u20ac*<\/div>\n        <\/div>\n            <\/a>\n        \t\t<\/div>\n\t\t\t\t<\/div>\n\t\t\t\t<div class=\"elementor-element elementor-element-1e01509 elementor-cta--skin-cover elementor-cta--valign-bottom elementor-cta-style-1 call-to-action-wrapper-transform-none elementor-animated-content elementor-bg-transform elementor-bg-transform-zoom-in elementor-widget elementor-widget-opal-call-to-action\" data-id=\"1e01509\" data-element_type=\"widget\" data-widget_type=\"opal-call-to-action.default\">\n\t\t\t\t<div class=\"elementor-widget-container\">\n\t\t\t        <a href=\"https:\/\/duhinvoyages.com\/index.php\/la-beaute-et-merveilles-du-karnataka\/\" class=\"elementor-cta\">\n                <div class=\"elementor-cta__bg-wrapper\">\n            <div class=\"elementor-cta__bg elementor-bg\" style=\"background-image: url(https:\/\/i0.wp.com\/duhinvoyages.com\/wp-content\/uploads\/2023\/12\/web-banner-3-2-scaled.webp?fit=2560%2C1280&amp;ssl=1);\"><\/div>\n            <div class=\"elementor-cta__bg-overlay\"><\/div>\n        <\/div>\n                    <div class=\"elementor-cta__content\">\n            <div class=\"elmentor-cta_content-inner\">\n            <div class=\"elmentor-cta_content-inner-inner\">\n                        \n                            <h2 class=\"elementor-cta__title elementor-cta__content-item elementor-content-item elementor-animated-item--grow\">\n                La Beaut\u00e9 et Merveilles Du Karnataka \u200b                <\/h2>\n            \n                            <div class=\"elementor-cta__description elementor-cta__content-item elementor-content-item elementor-animated-item--grow\">\n                    12 Jours 11 Nuits                <\/div>\n            \n                            <\/div>\n            <\/div>\n                    <\/div>\n                    <div class=\"elementor-ribbon elementor-ribbon-right\">\n            <div class=\"elementor-ribbon-inner\">1250\u20ac*<\/div>\n        <\/div>\n            <\/a>\n        \t\t<\/div>\n\t\t\t\t<\/div>\n\t\t\t\t\t<\/div>\n\t\t\t\t<\/div>\n\t\t\t\t\t<\/div>\n\t\t\t\t<\/div>\n\t\t\t\t\t<\/div>\n\t\t\t\t<\/div>\n\t\t\t\t<\/div>\n\t\t","protected":false},"excerpt":{"rendered":"<p>INDE DU SUD Contrairement au d\u00e9sert et aux montagnes du nord, Inde du sud se caract\u00e9rise par des collines ondulantes, des for\u00eats tropicales et des plantations de th\u00e9 verdoyantes, entretenues par la mousson \u00e0 double barri\u00e8re. L&#8217;Inde du Sud se compose de quatre destinations principales : le Tamil Nadu, le Kerala, le Karnataka et l&#8217;Andhra &hellip; <\/p>\n<p class=\"link-more\"><a href=\"https:\/\/duhinvoyages.com\/index.php\/inde-du-sud\/\" class=\"more-link\">Read More <span class=\"screen-reader-text\"> &#8220;Inde Du Sud&#8221;<\/span><\/a><\/p>\n","protected":false},"author":1,"featured_media":0,"parent":0,"menu_order":0,"comment_status":"closed","ping_status":"closed","template":"","meta":{"om_disable_all_campaigns":false,"inline_featured_image":false,"_monsterinsights_skip_tracking":false,"_monsterinsights_sitenote_active":false,"_monsterinsights_sitenote_note":"","_monsterinsights_sitenote_category":0,"footnotes":""},"aioseo_notices":[],"_links":{"self":[{"href":"https:\/\/duhinvoyages.com\/index.php\/wp-json\/wp\/v2\/pages\/10172"}],"collection":[{"href":"https:\/\/duhinvoyages.com\/index.php\/wp-json\/wp\/v2\/pages"}],"about":[{"href":"https:\/\/duhinvoyages.com\/index.php\/wp-json\/wp\/v2\/types\/page"}],"author":[{"embeddable":true,"href":"https:\/\/duhinvoyages.com\/index.php\/wp-json\/wp\/v2\/users\/1"}],"replies":[{"embeddable":true,"href":"https:\/\/duhinvoyages.com\/index.php\/wp-json\/wp\/v2\/comments?post=10172"}],"version-history":[{"count":0,"href":"https:\/\/duhinvoyages.com\/index.php\/wp-json\/wp\/v2\/pages\/10172\/revisions"}],"wp:attachment":[{"href":"https:\/\/duhinvoyages.com\/index.php\/wp-json\/wp\/v2\/media?parent=10172"}],"curies":[{"name":"wp","href":"https:\/\/api.w.org\/{rel}","templated":true}]}}